6. Is f composite?
True
Let x(t) be the first derivative of t**4/4 - 8*t**3/3 - 2*t**2 + 19*t - 15. Let a be x(8). Let d = a + 90. Is d a composite number?
True
Let u(r) = r**3 - 6*r**2 + 6*r - 2. Suppose 4*a + 2*v = 22, 4*a - 4 = -v + 17. Let p be u(a). Is (2/6)/(1*p/1251) a prime number?
True
Suppose -5*h + 4*p + 790286 = -3952635, -2*h = -5*p - 1897182. Is h prime?
True
Let i be -1 + (-94)/(-18) - (-2)/(-9). Suppose 0 = i*y - 0*y + 5324. Is 5/(-15)*(y + (-2 - -4)) a composite number?
False
Suppose 4*l = 5*b - 4*b + 1, 0 = b - 5*l + 2. Suppose -7 = 5*f + b. Let s(h) = -595*h + 3. Is s(f) prime?
True
Let j be (-2)/(-2)*-2 + (-3 - -8). Suppose u - 265 = -i, -3*u + 3 = -j. Is i prime?
True
Let y = -4797 - -2485. Let v = y - -4529. Is v a composite number?
True
Let c(w) = 306*w - 796. Is c(7) a prime number?
False
Let f = -23101 - -35723. Is f a prime number?
False
Is (10 - (-18612)/21)*(-2919)/(-6) a composite number?
True
Let f(o) = -o**2 + 18*o - 21. Let h be f(16). Suppose 0 = -2*w - r - h, 20 = -4*r. Is w*(-5)/(-15) + 1120 a prime number?
False
Suppose -2*n + 10211 = 3*i, 3*i = 3*n - 2*n + 10208. Suppose -27*r + 41*r + 4964 = 31*r. Let g = r + i. Is g prime?
False
Suppose 26*q - 45 - 85 = 0. Suppose -5*t = -213 - 2622. Suppose -4*d - 99 = -x, -q*x - 5*d = -d - t. Is x composite?
True
Let j be 84/(-7)*((-32)/(-12) - 3). Suppose -l + a = 116 - 1871, 0 = j*a + 8. Is l a prime number?
True
Let a(i) = 15*i + 168. Let z be a(-11). Suppose -z*y + 19323 + 3491 = -5*g, -22844 = -3*y - g. Is y a prime number?
False
Suppose -v = 3*l + 6, 4*l = v - 2*v - 5. Let r be (-2014)/v + 14/63. Suppose 2*k = -2*o + r, -o + k - 47 = -165. Is o composite?
True
Is (-4685755)/(-4)*(-1144)/(-1430) prime?
True
Suppose 6*i - 65148 - 179681 = -7*i. Is i a prime number?
False
Let o(g) = -1163 + 1252 - 10*g + 14*g**2 + 31*g**2. Is o(18) composite?
False
Suppose 5*a + 9 = 3*f + 287, 4*f + 274 = 5*a. Let g = 56 - a. Is ((1655/(-3))/5)/(g/6) a composite number?
False
Is 2/((-1)/1)*(-52)/(5928/24709557) composite?
False
Let a(s) be the second derivative of 0*s**4 + 0 + 1/20*s**5 - 5*s**2 - s - 5/3*s**3. Is a(8) a composite number?
True
Let b be (-17)/(-34) - 10/(-4). Suppose b*g = 6, -w + 5*g + 8408 = -0*g. Suppose -6*o + w = -15516. Is o a composite number?
False
Let f(d) = -2*d**2 - 6*d + 3. Let b be f(1). Let r(s) = -s**3 - 4*s**2 + 6*s - 3. Let t be r(b). Is (-4 - -6)/t + (-101)/(-4) a composite number?
True
Let x(f) = -8*f + 0 + 634*f**2 + 6*f - 1. Let s(c) = c**3 - 8*c**2 + 6*c + 6. Let w be s(7). Is x(w) a prime number?
False
Suppose 56*r + 48 = 62*r. Suppose -3020 - 3356 = -r*f. Is f a prime number?
True
Let x(t) be the third derivative of t**7/1680 + 7*t**6/360 + 19*t**5/60 - 7*t**2. Let h(c) be the third derivative of x(c). Is h(15) composite?
False
Let a be (-4215)/9 + (-4)/6. Suppose 5*n + 73 = j + 341, 4*j + 1114 = -n. Let c = j - a. Is c composite?
False
Let m(k) be the first derivative of 113*k**2/2 + 2*k + 9. Let l be m(-4). Is -2 + 0 + (-1 - l) a prime number?
False
Suppose -9*v + 1830469 = 7*v - 1038539. Is v a composite number?
True
Suppose 3753*m - 3769*m + 3406192 = 0. Is m a composite number?
True
Let y(o) = -56*o**3 + 21*o**2 - 9*o - 63. Is y(-16) a composite number?
False
Let f be 3 + (-2 - -2)*(-2)/(-2). Let i = f - -2. Suppose -4 = -i*t - 29, 2*t = b - 167. Is b a prime number?
True
Let z(i) = -10*i - 37. Let n be z(-5). Suppose 0 = -n*y + 7*y + 17604. Is (12/10)/(-3) + y/10 prime?
True
Let v = -48045 - -83114. Is v prime?
True
Let s(c) = c**3 - 9*c**2 + 11*c - 18. Let b be s(8). Is 16418*3/b*1/1 a composite number?
False
Let a(k) = -5171*k - 1787. Is a(-6) a composite number?
True
Let x(b) = b**2 - 8*b - 5. Let w be x(-1). Suppose w*s - 5666 = 570. Is s a prime number?
True
Let k be ((-2)/(-3) - 110721/(-9)) + 5. Suppose 5*n + 5*m - 12310 = 0, 7*m + k = 5*n + 10*m. Is n prime?
False
Let g = 1968 + 778. Is (12 + 4)/4 + -3 + g composite?
True
Let q be ((-56)/(-7) - 7) + 3 + 0. Suppose 22233 = 3*i + 4*y, 8*i - 29644 = q*i + 2*y. Is i a prime number?
True
Let z = 463248 - 86219. Is z a composite number?
True
Is (70931/(-3))/(((-48)/(-36))/(-4)) prime?
False
Suppose -72 = -119*a + 111*a. Is 1758/(-12)*a/(45/(-70)) a prime number?
False
Suppose 2*l - 3*d = -64, -4*d - d + 126 = -4*l. Let b = -857 - -1377. Let v = l + b. Is v composite?
False
Let z = -53 + 57. Suppose -18 = -2*a - z*i, 0*a = -2*a + 2*i. Suppose 359 = 2*q - q + a*n, 4*q = -2*n + 1476. Is q a prime number?
False
Let f = -757 - -756. Is (8354 - (-8 + 10)) + (-1)/f a composite number?
False
Suppose -16*x = -x - 420. Suppose 57290 = -x*i + 38*i. Is i a prime number?
False
Suppose 3*c = -4*t - 1, 34*c - 25 = 29*c. Let i(h) = 1. Let r(v) = -64*v + 6. Let q(f) = -8*i(f) + r(f). Is q(t) a prime number?
False
Let z(w) = 35*w**2 + 2*w + 5. Suppose -5*n + 15 = 2*k, 5*k + 3*n - 23 = k. Suppose -h + 5*v = 9, -k = 3*v - 8*v. Is z(h) a prime number?
True
Suppose 585*c - 584*c - 4*y - 67295 = 0, 0 = 5*c - 2*y - 336529. Is c a composite number?
False
Let c be (-16)/12*18/(-4). Let x(b) = -16*b - 13. Let v be x(c). Let k = 196 + v. Is k a prime number?
False
Suppose -6*q = 10*q - 18992. Suppose 0 = -4*c - 12, -6*n + q = -n - 4*c. Is n composite?
True
Let m(h) = 884*h**3 - 3*h**2 - 65*h + 307. Is m(5) composite?
True
Let o(v) be the second derivative of 493*v**4/2 + v**3/2 - 2*v**2 - 8*v - 6. Is o(1) a prime number?
True
Suppose 12000 = 5*a - 25875. Suppose -7*o + a = -2*o. Suppose -o = 2*z - 5*z. Is z a composite number?
True
Let i(s) = s + 3. Let m be i(-1). Suppose -d - m*d = -3. Is (-2)/(-8)*-394*(-11 + d) prime?
False
Suppose -65*l + 73*l = 234248. Suppose -l - 6608 = -21*g. Is g composite?
False
Let u = 141926 + -88812. Is u prime?
False
Let c(v) = -34 + 8*v**2 + v**3 + 21 + 4*v - 10*v. Let q be c(-7). Suppose -g = -q - 284. Is g prime?
False
Suppose -199*b + 193*b = -24. Suppose -b*z = -1820 - 1824. Is z prime?
True
Suppose 386 - 50 = 12*h. Is ((-42)/h)/((-6)/159284) a composite number?
False
Let d = -1678 + 1413. Let t(z) = -28*z + 2. Let c be t(5). Let f = c - d. Is f prime?
True
Let k(v) = -3*v**3 + 2*v**2 + 4*v + 3. Let j be k(-1). Let d(a) = -a + 9. Let b be d(j). Suppose 4*h = b*l + 5411, h = 3*l + 328 + 1030. Is h a prime number?
False
Let t be ((-21225)/10)/(1/(-2)). Suppose -5098 - t = 5*l - 2*i, -5*i - 5 = 0. Let x = l + 3370. Is x composite?
True
Let p(b) = 50*b**2 + 14*b + 253. Is p(-33) composite?
True
Suppose 2*h + 4 = -4*k, 2*h + 1 = 3*k - 3. Suppose 19*f - 28547 - 13272 = k. Is f a prime number?
False
Let t(c) = -4*c - 58. Let g be t(-15). Is (-2 - 2 - g) + 4643 composite?
False
Suppose -66*n = -78*n + 108. Suppose -n*v = -8*v - 631. Is v a prime number?
True
Suppose 146*j - 35024222 = 47*j - 11301545. Is j a prime number?
True
Let n = 42 + -40. Suppose n*c + 43 = c. Let o = c - -137. Is o a composite number?
True
Suppose 0 = -15*l + 13*l + 233914. Suppose -16*d + l = 12781. Is d a composite number?
True
Let p(b) = 2*b**2 - 6*b - 5. Let c be p(4). Let f be 0*((-2)/c)/2 + 948. Suppose -6*s + f = -318. Is s composite?
False
Suppose 0 = 4*a + 3*k - 2*k - 11, 0 = -k - 1. Suppose 5*n + 4302 = -h + 21437, 2*n - a*h = 6837. Is 9/(-3)*n/(-18) a prime number?
True
Let t = -20857 + 102096. Is t a prime number?
True
Let r be (1 - -1)*(-314)/(-4). Suppose 0 = -5*h + 227 - r. Let l = 237 + h. Is l a composite number?
False
Let c(m) = 98 + m**3 - 5*m**2 - 3*m + 19*m**2 - 307 + 3*m**2 + 14*m**2. Is c(-28) a composite number?
True
Let x(n) = 11083*n + 1181. Is x(6) prime?
True
Suppose -10*f - 30 = 5*f. Let i(h) = -1 - 3 - 134*h - 2. Is i(f) a composite number?
True
Is ((-27)/(-12))/(2/959016) + (-40)/(-40) prime?
False
Suppose 90 = t + 3*l, 4*l - 3 = 2*t - 163. Let o = t + -85. Is -3 - -5 - 45/o a prime number?
True
Suppose -75*d - 69*d + 16616766 = -25048482. Is d composite?
True
Let r(w) = -34849*w - 165. Let b be r(-4). Let x = -77282 + b. Is x a composite number?
False
Suppose 3*j - 612 = 3*m, -5*j - 210 = -6*j + 3*m. Let b(k) = 23*k + 96*k + 19 + j*k. Is b(6) a prime number?
False
Let n be 18/(2/634*2) - 2. Let h = n - 1480. Is h prime?
False
Suppose 2*h - 221 + 199 = 0. Suppose -3*d = -9, 3*b = -5*d + d + 501. Suppose b = 12*u - h*u. Is u composite?
False
Suppose -3*d + 5*r = -232074, 0 = -2